se 2, what is -110110001100111 + -1111?
-110110001110110
In base 7, what is 2234336 - -1?
2234340
In base 3, what is -210202011 - -10?
-210202001
In base 4, what is 11 + -1023211?
-1023200
In base 2, what is 1011000000110011 + -10011?
1011000000100000
In base 5, what is 101341 - -3042?
104433
In base 4, what is 123 + -1132312?
-1132123
In base 12, what is -22 + -1411?
-1433
In base 6, what is -21 - -230143?
230122
In base 10, what is 11 + 5212?
5223
In base 2, what is 1001010000 - -110?
1001010110
In base 15, what is -916b4 - -2?
-916b2
In base 10, what is 1095 + -37?
1058
In base 6, what is -1 - -114442?
114441
In base 16, what is -4 - -4e45?
4e41
In base 14, what is d - 71?
-62
In base 10, what is 2225 - 1?
2224
In base 16, what is 14 - -1649c?
164b0
In base 7, what is -1041561 - 0?
-1041561
In base 9, what is -1 + -13578?
-13580
In base 6, what is 412 + 1034?
1450
In base 12, what is a8 - 48?
60
In base 10, what is 5053 + -4?
5049
In base 9, what is 5 + 624?
630
In base 14, what is -263 + 48d?
22a
In base 13, what is -24 + 2c4?
2a0
In base 6, what is -3 - -44232151?
44232144
In base 8, what is -213 - -461?
246
In base 12, what is 542b93 + 4?
542b97
In base 10, what is -5 - 30011?
-30016
In base 14, what is -14121 + 4a?
-140b5
In base 7, what is -4 + -45315?
-45322
In base 12, what is -3 - 57994?
-57997
In base 10, what is -787 - 64?
-851
In base 10, what is 2382 + -2?
2380
In base 13, what is c1 + -4094?
-3ca3
In base 13, what is 5 - -2a2?
2a7
In base 9, what is -242370 - 3?
-242373
In base 7, what is 4 + 4212144?
4212151
In base 16, what is 4f - -1a2?
1f1
In base 4, what is 3130 + -121131?
-112001
In base 7, what is 10 - 264653?
-264643
In base 9, what is 1 - -3720?
3721
In base 16, what is -2 + -500f?
-5011
In base 5, what is 0 - -24131314?
24131314
In base 13, what is -593 + 1a?
-576
In base 10, what is -985524 - -2?
-985522
In base 5, what is -11343124 - 10?
-11343134
In base 6, what is -523 + -325?
-1252
In base 2, what is -11010111111 + 11111?
-11010100000
In base 2, what is -1 + 11010110010?
11010110001
In base 5, what is 1333420 - -10?
1333430
In base 15, what is 284a9 + -3?
284a6
In base 4, what is -1233110 - -333?
-1232111
In base 12, what is -9a53 + -53?
-9aa6
In base 11, what is 1906 - 97?
181a
In base 8, what is 0 - -157150?
157150
In base 16, what is 73 + -ee?
-7b
In base 9, what is 1038 + 10723?
11762
In base 5, what is 1241030 - -3?
1241033
In base 11, what is 116127 - 5?
116122
In base 4, what is 3 - 3112320?
-3112311
In base 13, what is -4 + -941a?
-9421
In base 4, what is 1201002 + 10?
1201012
In base 6, what is -4023252 + -100?
-4023352
In base 3, what is 21 + -121021110120?
-121021110022
In base 2, what is -10011 - 111001100001101?
-111001100100000
In base 5, what is -202224142 + -4?
-202224201
In base 15, what is 3 + -162c9?
-162c6
In base 4, what is 1 + -20113011?
-20113010
In base 12, what is -7307 + -56?
-7361
In base 11, what is 1a61 - -2?
1a63
In base 13, what is -17 - 1c297?
-1c2b1
In base 11, what is -3 + -4537?
-453a
In base 7, what is 21154 - 3?
21151
In base 2, what is -11101110101000011 + 11?
-11101110101000000
In base 11, what is -1221629 - 4?
-1221632
In base 12, what is -7 + 4307?
4300
In base 8, what is -316 + 5024?
4506
In base 9, what is -131 - 1730?
-1861
In base 13, what is -2 - 24107?
-24109
In base 2, what is 1100 + -1101011101010?
-1101011011110
In base 10, what is -12 - -161?
149
In base 9, what is 5480 - 10?
5470
In base 14, what is -9127 + -118?
-9241
In base 6, what is -22502 - -1024?
-21434
In base 10, what is 0 + -24235?
-24235
In base 5, what is 2330 + -32?
2243
In base 5, what is -130 - -3300240?
3300110
In base 16, what is -d5 + -38?
-10d
In base 14, what is -365 + 24?
-341
In base 7, what is -2042 + -252?
-2324
In base 10, what is 63 - 7955?
-7892
In base 9, what is -8 + -44637?
-44646
In base 3, what is 101 + -10102010120?
-10102010012
In base 5, what is -14 + -3311410?
-3311424
In base 13, what is -11a3 + -1c?
-11c2
In base 6, what is -145542 - -541?
-145001
In base 13, what is 64 + 270?
304
In base 13, what is -24 - -203?
1ac
In base 5, what is 20 + -2410003?
-2404433
In base 13, what is -1575 + -12?
-1587
In base 14, what is 1 - -1828?
1829
In base 7, what is -11 + 11141?
11130
In base 8, what is 23200 + -3?
23175
In base 2, what is -1111 - -11000010?
10110011
In base 10, what is 9 + 38209?
38218
In base 8, what is -13153741 + -5?
-13153746
In base 5, what is -3 - -102322?
102314
In base 4, what is 3103 - 10132?
-1023
In base 9, what is -187 + -1022?
-1220
In base 15, what is 3 - -36aa?
36ad
In base 3, what is -20012111202210 + 1?
-20012111202202
In base 7, what is -312 + -16543?
-20155
In base 13, what is -c + bb594?
bb585
In base 8, what is -117 - 30000?
-30117
In base 15, what is 7 + -119?
-112
In base 16, what is -3 + 883b?
8838
In base 14, what is -597 + a?
-58b
In base 14, what is 5684d + b?
5685a
In base 14, what is a + 2266?
2272
In base 8, what is 1043 + 601?
1644
In base 13, what is -7c19 + 1?
-7c18
In base 3, what is -21000022201 - -100?
-21000022101
In base 8, what is 11 + -1340327?
-1340316
In base 7, what is 3 + 2606425?
2606431
In base 14, what is -13 - 25a88?
-25a9b
In base 9, what is -1 - -125104?
125103
In base 12, what is -1 - 170389?
-17038a
In base 3, what is -2110 - -202202?
200022
In base 6, what is 13304111 + 1?
13304112
In base 3, what is -11012211 - 10?
-11012221
In base 15, what is -166 - 16be?
-1835
In base 5, what is -310324 - 1?
-310330
In base 2, what is -101 + 100001011000110110?
100001011000110001
In base 12, what is -1 - -5a46?
5a45
In base 7, what is 16515 - -16?
16534
In base 2, what is -1 - 110111011101011?
-110111011101100
In base 6, what is -4222434 - 3?
-4222441
In base 10, what is 3 - -2913?
2916
In base 15, what is -7 + -9866?
-986d
In base 13, what is 384c - -31?
3880
In base 3, what is 212222022 + -12?
212222010
In base 15, what is 9 + -c24?
-c1a
In base 3, what is 2 + 110112200220?
110112200222
In base 8, what is -34 - -67164?
67130
In base 5, what is -1133 - -1404?
221
In base 14, what is 75cb + -4?
75c7
In base 7, what is 14 - 1202?
-1155
In base 13, what is -222 + -101?
-323
In base 14, what is -788 + -14?
-79c
In base 15, what is 1dad - e?
1d9e
In base 10, what is -98 - 186?
-284
In base 14, what is 3 + 23dd8?
23ddb
In base 14, what is 3 - -70a5?
70a8
In base 16, what is 2f65a + 4?
2f65e
In base 12, what is -22880 + -20?
-228a0
In base 8, what is 522256 + 5?
522263
In base 5, what is -11 + -3222411?
-3222422
In base 14, what is -35c + -147d?
-17db
In base 14, what is 1bc9 + 38?
1c23
In base 8, what is 4 - 3212?
-3206
In base 15, what is 29845 + -1?
29844
In base 12, what is 4 + -32123?
-3211b
In base 2, what is 111 - -1011011010001010?
1011011010010001
In base 6, what is -4 - -1242310?
1242302
In base 11, what is 3498 - -6a?
3557
In base 7, what is 2 + -100015?
-100013
In base 7, what is -455 + 3641?
3153
In base 11, what is 4 - 339717?
-339713
In base 10, what is 5298 - 9?
5289
In base 12, what is -1 + 146b90?
146b8b
In base 11, what is -6a9 + -827?
-1425
In base 12, what is -695a0 - 5?
-695a5
In base 8, what is 2 + -1644057?
-1644055
In base 15, what is -5 + 39d2?
39cc
In base 8, what is 56600 - -6?
56606
In base 11, what is 23 + -1054?
-1031
In base 13, what is 144 - -656?
79a
In base 2, what is -101 + -11010100001011011100?
-11010100001011100001
In base 9, what is 42 - -307?
350
In base 14, what is a27 + 15?
a3c
In base 3, what is 10 + -10012?
-10002
In base 4, what is -22 - -233112230?
233112202
In base 11, what is 6 - -19663?
19669
In base 10, what is 686 + -364?
322
In base 11, what is -3a - -1812?
1783
In base 14, what is b404 + 20?
b424
In base 9, what is 2135 + 843?
3078
In base 13, what is 4 + 250?
254
In base 15, what is 164c0 + -3?
164bc
In base 13, what is -20959b - 1?
-20959c
In base 15, what is 3d791 - d?
3d783
In base 9, what is 4 + -5011?
-5006
In base 13, what is -7aa5 + -1?
-7aa6
In base 10, what is 3249 - -23?
3272
In base 12, what is 511b + 1?
5120
In base 13, what is -11 - 614b?
-615c
In base 3, what is -12 - -21211202?
21211120
In base 9, what is -56843 + 2?
-56841
In base 16, what is 22fd + 8?
2305
In base 8, what is 1641 + -66?
1553
In base 3, what is -2212220112 + -10?
-2212220122
In base 6, what is -3 +